 what is -a3 + -580a1?
-58194
In base 2, what is 11 + -100110111000011100100100?
-100110111000011100100001
In base 15, what is 1 - 1bed7b2?
-1bed7b1
In base 15, what is -eeea1 - 1c?
-eeebd
In base 9, what is 5 - -23607086?
23607102
In base 6, what is 13 - -5300245?
5300302
In base 2, what is 10 - 101100110110011101111101?
-101100110110011101111011
In base 13, what is -5a391 - 6a6?
-5aa67
In base 3, what is -1020100222 + 22202120?
-220121102
In base 9, what is 5852110 - -221?
5852331
In base 7, what is -1054224 + -145?
-1054402
In base 9, what is 158822 + -820?
158002
In base 13, what is -1a0 + -51b677?
-51b847
In base 5, what is -33133 - -2201211?
2113023
In base 8, what is 25766 + -2736?
23030
In base 6, what is 15515005313 - -1?
15515005314
In base 10, what is 0 + 32747446?
32747446
In base 8, what is 5 + -425500634?
-425500627
In base 6, what is 1454350 - -352?
1455142
In base 2, what is -1001100001001 - -11101011101000?
10011111011111
In base 14, what is -37a + -72253?
-725cd
In base 5, what is -2230444322 + 13?
-2230444304
In base 7, what is 36531 - 1214?
35314
In base 15, what is -50db - 149d?
-6589
In base 10, what is 1701418 - -1?
1701419
In base 7, what is 14326355 - -1?
14326356
In base 2, what is 110011010101111011000010101 - 10?
110011010101111011000010011
In base 16, what is -17f - 12ab?
-142a
In base 6, what is -5 - 1004210020?
-1004210025
In base 4, what is 2223 + -203210233?
-203202010
In base 9, what is -6670878 + -271?
-6671260
In base 3, what is -1000 - 12000002012?
-12000010012
In base 12, what is -3 + 207968b?
2079688
In base 2, what is -11011010010000101 + 11110001?
-11011001110010100
In base 10, what is 4524439 + -3?
4524436
In base 14, what is -6c0 - 6a0?
-d80
In base 9, what is -35727 - 18?
-35746
In base 16, what is 6c + -f23f5?
-f2389
In base 11, what is -3119215 - 5?
-311921a
In base 5, what is 12102140210 + 10?
12102140220
In base 10, what is -15 + 433076?
433061
In base 10, what is 199944 - 702?
199242
In base 6, what is -4113 - -41511250?
41503133
In base 7, what is 16 + -54306?
-54260
In base 4, what is -223131 + -10202321?
-11032112
In base 2, what is -100 - 1100110000110010110101?
-1100110000110010111001
In base 2, what is -11010100100 - -101101011010101?
101010000110001
In base 3, what is -210210121101 - 1122?
-210210200000
In base 2, what is -1011110110101001111 + 100100000?
-1011110110000101111
In base 2, what is -10110011100001010101010110 + -1?
-10110011100001010101010111
In base 9, what is 330614 - -133?
330747
In base 15, what is -105 + -1da2da?
-1da3e0
In base 10, what is -109 + 57644?
57535
In base 15, what is -d6b43a - 6?
-d6b441
In base 8, what is -2 + -34413603?
-34413605
In base 4, what is -201122321132 + -11?
-201122321203
In base 6, what is -130 - -15015330?
15015200
In base 15, what is d - 2288be1?
-2288bd3
In base 5, what is 1 - -14422102134?
14422102140
In base 6, what is 225225435 - 2?
225225433
In base 6, what is -5 - 14115453454?
-14115453503
In base 3, what is -21111211001211 - -12101?
-21111210212110
In base 14, what is -58cb8 + 139?
-58b7d
In base 3, what is 100120220112020 + -11?
100120220112002
In base 2, what is 1100110111 + 10100000110000?
10101101100111
In base 14, what is 121 + -4087a?
-40759
In base 12, what is -4a + -346814?
-346862
In base 14, what is d + -1d9612?
-1d9603
In base 11, what is -73 - -40604?
40541
In base 14, what is 20 - -2079d5?
207a15
In base 2, what is 1000110110100001100011101 - 110?
1000110110100001100010111
In base 6, what is 3 - 11054240?
-11054233
In base 5, what is 11122324022 + 4?
11122324031
In base 4, what is -1300323 - -1102121?
-132202
In base 14, what is 5dbb8 + 3b0?
60188
In base 7, what is 2 + 54132620?
54132622
In base 12, what is -114b0117 - -5?
-114b0112
In base 11, what is 19518932 + 1?
19518933
In base 9, what is 48321 + 0?
48321
In base 3, what is -12200012221200 + -21?
-12200012221221
In base 8, what is -13 - 343222?
-343235
In base 3, what is 1 + 111102212200011121?
111102212200011122
In base 10, what is -6301 + -54264?
-60565
In base 15, what is -78a2ea - -5?
-78a2e5
In base 6, what is -100 + -155531314?
-155531414
In base 12, what is -5 + -3342a083?
-3342a088
In base 13, what is b8c5 - -1ac?
baa4
In base 2, what is -11101010110111000 - 1000001?
-11101010111111001
In base 5, what is -21242234 - 44134?
-21341423
In base 15, what is -7e1e - 133?
-8052
In base 12, what is 10 + 2954a?
2955a
In base 9, what is -46654487 + 2?
-46654485
In base 16, what is 395d439f - -5?
395d43a4
In base 9, what is 144121 + 185?
144316
In base 14, what is -17 + 2cc9a0?
2cc987
In base 3, what is 11 - -1221002011200101?
1221002011200112
In base 4, what is -12333211 + 22?
-12333123
In base 15, what is 2959 - -4698?
7102
In base 11, what is -2554 - a76?
-351a
In base 5, what is -10 + -403324402?
-403324412
In base 14, what is -185047b - -43?
-1850438
In base 7, what is -3 - -1631322530?
1631322524
In base 9, what is -7886 - -126375?
117378
In base 13, what is -39 - 17896b3?
-178971c
In base 14, what is -c3274 - 4?
-c3278
In base 6, what is 345511452 - -130?
345512022
In base 7, what is -514331332 - 44?
-514331406
In base 3, what is 101 - -101010201221122?
101010201222000
In base 16, what is -fed + -159dc?
-169c9
In base 10, what is 67 + -948680?
-948613
In base 6, what is -144 - -25202552?
25202404
In base 14, what is -23ddb43 - -3?
-23ddb40
In base 6, what is 11143022 - 11?
11143011
In base 8, what is 115 + 11353360?
11353475
In base 7, what is 13411 - 64322?
-50611
In base 4, what is 10131112000 + -10333?
10131101001
In base 11, what is -422984aa + 4?
-422984a6
In base 2, what is 111101 + 100110110111001001100?
100110110111010001001
In base 13, what is 13492c - -10?
13493c
In base 3, what is 222011 - 111020111?
-110021100
In base 8, what is -21711 - -1406?
-20303
In base 3, what is -1010100100220 - -2?
-1010100100211
In base 6, what is -431220 - 1520?
-433140
In base 11, what is 1572 - 1a244?
-18782
In base 3, what is 210111000010112 - -1?
210111000010120
In base 7, what is 42 - -6146220?
6146262
In base 6, what is 4024 + -2132223?
-2124155
In base 2, what is -10000001001000 - 1011001010110?
-11011010011110
In base 2, what is 100011100101 - -110110111111111?
111011011100100
In base 9, what is 56638 - 225?
56413
In base 14, what is -190bc7 - 4c?
-190c35
In base 5, what is -21 - -311022?
311001
In base 8, what is -1554 - -6241?
4465
In base 8, what is 412 - 611746?
-611334
In base 16, what is 5 - -dec75?
dec7a
In base 8, what is -6341 - 125637?
-134200
In base 7, what is -14161 - -116002?
101511
In base 2, what is -11011001010110001 + -1010011100000?
-11100011110010001
In base 10, what is 86796346 - -3?
86796349
In base 2, what is -100101001111111001100001 + 110011?
-100101001111111000101110
In base 14, what is -a5 - -5cd3?
5c2c
In base 3, what is -11021012012 - 212?
-11021020001
In base 13, what is -1b2a651 + -2?
-1b2a653
In base 10, what is 1075 - -3078?
4153
In base 9, what is -26577 - 3878?
-31566
In base 10, what is 133 - -12704?
12837
In base 5, what is -2302323123 + 10?
-2302323113
In base 14, what is -1ad - -74467?
74298
In base 16, what is -7122e - -d9?
-71155
In base 8, what is -3776543 - 221?
-3776764
In base 8, what is 7000754266 - 3?
7000754263
In base 7, what is 2 + 2632352026?
2632352031
In base 11, what is -54457aa - -26?
-5445784
In base 11, what is -3847561 + 0?
-3847561
In base 12, what is -1274 + -10a28?
-120a0
In base 15, what is -3921 + -1a05b?
-1d97c
In base 8, what is -76046631 - 3?
-76046634
In base 11, what is 4 - 2342773?
-234276a
In base 10, what is 2180 + 7497?
9677
In base 9, what is 2278 + 158344?
161633
In base 5, what is -24 + -124034414?
-124034443
In base 16, what is 3ff51 + -25?
3ff2c
In base 4, what is 12003 - 102210?
-30201
In base 3, what is 1022112 + 110122122101?
110200221220
In base 3, what is 2210010012 - -1012122?
2211022211
In base 15, what is -101 - -d8836?
d8735
In base 10, what is -14565 - -2122?
-12443
In base 6, what is -14 + 5452015553?
5452015535
In base 2, what is 11001001111110010 - -101000?
11001010000011010
In base 6, what is -2242231 - 3020?
-2245251
In base 6, what is -142104 - 2123?
-144231
In base 8, what is -227 + 425765?
425536
In base 5, what is 12234441 + -14023?
12220413
In base 4, what is 313 + 